{"version":"1.0","provider_name":"Pomi\u0119dzy bitami","provider_url":"https:\/\/zakr.es\/blog","author_name":"rozie","author_url":"https:\/\/zakr.es\/blog\/author\/rozie\/","title":"Panoptykon narzeka na ministerstwa i blokowanie Tora - Pomi\u0119dzy bitami","type":"rich","width":600,"height":338,"html":"<blockquote class=\"wp-embedded-content\" data-secret=\"YJcJBjvO1R\"><a href=\"https:\/\/zakr.es\/blog\/2015\/12\/panoptykon-narzeka-na-ministerstwa-i-blokowanie-tora\/\">Panoptykon narzeka na ministerstwa i blokowanie Tora<\/a><\/blockquote><iframe sandbox=\"allow-scripts\" security=\"restricted\" src=\"https:\/\/zakr.es\/blog\/2015\/12\/panoptykon-narzeka-na-ministerstwa-i-blokowanie-tora\/embed\/#?secret=YJcJBjvO1R\" width=\"600\" height=\"338\" title=\"&#8222;Panoptykon narzeka na ministerstwa i blokowanie Tora&#8221; &#8212; Pomi\u0119dzy bitami\" data-secret=\"YJcJBjvO1R\" frameborder=\"0\" marginwidth=\"0\" marginheight=\"0\" scrolling=\"no\" class=\"wp-embedded-content\"><\/iframe><script>\n\/*! This file is auto-generated *\/\n!function(d,l){\"use strict\";l.querySelector&&d.addEventListener&&\"undefined\"!=typeof URL&&(d.wp=d.wp||{},d.wp.receiveEmbedMessage||(d.wp.receiveEmbedMessage=function(e){var t=e.data;if((t||t.secret||t.message||t.value)&&!\/[^a-zA-Z0-9]\/.test(t.secret)){for(var s,r,n,a=l.querySelectorAll('iframe[data-secret=\"'+t.secret+'\"]'),o=l.querySelectorAll('blockquote[data-secret=\"'+t.secret+'\"]'),c=new RegExp(\"^https?:$\",\"i\"),i=0;i<o.length;i++)o[i].style.display=\"none\";for(i=0;i<a.length;i++)s=a[i],e.source===s.contentWindow&&(s.removeAttribute(\"style\"),\"height\"===t.message?(1e3<(r=parseInt(t.value,10))?r=1e3:~~r<200&&(r=200),s.height=r):\"link\"===t.message&&(r=new URL(s.getAttribute(\"src\")),n=new URL(t.value),c.test(n.protocol))&&n.host===r.host&&l.activeElement===s&&(d.top.location.href=t.value))}},d.addEventListener(\"message\",d.wp.receiveEmbedMessage,!1),l.addEventListener(\"DOMContentLoaded\",function(){for(var e,t,s=l.querySelectorAll(\"iframe.wp-embedded-content\"),r=0;r<s.length;r++)(t=(e=s[r]).getAttribute(\"data-secret\"))||(t=Math.random().toString(36).substring(2,12),e.src+=\"#?secret=\"+t,e.setAttribute(\"data-secret\",t)),e.contentWindow.postMessage({message:\"ready\",secret:t},\"*\")},!1)))}(window,document);\n\/\/# sourceURL=https:\/\/zakr.es\/blog\/wp-includes\/js\/wp-embed.min.js\n<\/script>\n","description":"Fundacja Panoptykon po raz kolejny narzeka na blokowanie przez ministerstwa IP, na kt\u00f3rym maj\u0105 uruchomiony w\u0119ze\u0142 Tor (relay-node). Sytuacja sk\u0142oni\u0142a mnie do wpisu, bo mam wra\u017cenie, \u017ce zachodzi grube niezrozumienie tematu. Z obu stron&#8230; \u0179r\u00f3d\u0142o: https:\/\/media.torproject.org\/image\/official-images\/2011-tor-logo-flat.svg &nbsp; Czy warto blokowa\u0107 ruch z sieci Tor? To zale\u017cy. Ruch z sieci Tor pozwala na \u0142atwe uzyskanie stosunkowo &hellip; Czytaj dalej \u201e\u201d","thumbnail_url":"http:\/\/rozie.blox.pl\/resource\/2011torlogoflat.png"}

Pomiędzy bitami

Panoptykon narzeka na ministerstwa i blokowanie Tora - Pomiędzy bitami

<blockquote class="wp-embedded-content" data-secret="YJcJBjvO1R"><a href="https://zakr.es/blog/2015/12/panoptykon-narzeka-na-ministerstwa-i-blokowanie-tora/">Panoptykon narzeka na ministerstwa i blokowanie Tora</a></blockquote><iframe sandbox="allow-scripts" security="restricted" src="https://zakr.es/blog/2015/12/panoptykon-narzeka-na-ministerstwa-i-blokowanie-tora/embed/#?secret=YJcJBjvO1R" width="600" height="338" title="&#8222;Panoptykon narzeka na ministerstwa i blokowanie Tora&#8221; &#8212; Pomiędzy bitami" data-secret="YJcJBjvO1R" frameborder="0" marginwidth="0" marginheight="0" scrolling="no" class="wp-embedded-content"></iframe><script>
/*! This file is auto-generated */
!function(d,l){"use strict";l.querySelector&&d.addEventListener&&"undefined"!=typeof URL&&(d.wp=d.wp||{},d.wp.receiveEmbedMessage||(d.wp.receiveEmbedMessage=function(e){var t=e.data;if((t||t.secret||t.message||t.value)&&!/[^a-zA-Z0-9]/.test(t.secret)){for(var s,r,n,a=l.querySelectorAll('iframe[data-secret="'+t.secret+'"]'),o=l.querySelectorAll('blockquote[data-secret="'+t.secret+'"]'),c=new RegExp("^https?:$","i"),i=0;i<o.length;i++)o[i].style.display="none";for(i=0;i<a.length;i++)s=a[i],e.source===s.contentWindow&&(s.removeAttribute("style"),"height"===t.message?(1e3<(r=parseInt(t.value,10))?r=1e3:~~r<200&&(r=200),s.height=r):"link"===t.message&&(r=new URL(s.getAttribute("src")),n=new URL(t.value),c.test(n.protocol))&&n.host===r.host&&l.activeElement===s&&(d.top.location.href=t.value))}},d.addEventListener("message",d.wp.receiveEmbedMessage,!1),l.addEventListener("DOMContentLoaded",function(){for(var e,t,s=l.querySelectorAll("iframe.wp-embedded-content"),r=0;r<s.length;r++)(t=(e=s[r]).getAttribute("data-secret"))||(t=Math.random().toString(36).substring(2,12),e.src+="#?secret="+t,e.setAttribute("data-secret",t)),e.contentWindow.postMessage({message:"ready",secret:t},"*")},!1)))}(window,document);
//# sourceURL=https://zakr.es/blog/wp-includes/js/wp-embed.min.js
</script>

Fundacja Panoptykon po raz kolejny narzeka na blokowanie przez ministerstwa IP, na którym mają uruchomiony węzeł Tor (relay-node). Sytuacja skłoniła mnie do wpisu, bo mam wrażenie, że zachodzi grube niezrozumienie tematu. Z obu stron&#8230; Źródło: https://media.torproject.org/image/official-images/2011-tor-logo-flat.svg &nbsp; Czy warto blokować ruch z sieci Tor? To zależy. Ruch z sieci Tor pozwala na łatwe uzyskanie stosunkowo &hellip; Czytaj dalej „”
